 2/(-3).
5, 79
Suppose x - 8 + 1 = 0. Suppose s + 3 = -x. What are the prime factors of 105/s*(-4)/6?
7
Let x be (3 - 39/15)*-115. Let k = 90 + x. List the prime factors of k.
2, 11
Suppose 202 = -2*x + 616. Suppose 2*k + 41 = x. What are the prime factors of k?
83
Let l = -65 - -40. List the prime factors of 54 + 20/l*-5.
2, 29
Let h(n) = n**3 - n**2 - n + 2. Let c be h(0). Suppose 3*s + 78 = 4*s - c*j, 4*j - 20 = 0. List the prime factors of s.
2, 11
Let u(h) = -3*h + 1. Let r be u(-1). Suppose -r*z = -31 + 7. Suppose 0 = -z*m + m + 145. What are the prime factors of m?
29
Let h be 148/(0 - (-8)/36). Suppose 10*f - h = f. List the prime factors of f.
2, 37
Let t = 2 + 19. Suppose -5*j + 4 = -t. List the prime factors of (-48)/80 + 233/j.
2, 23
Let u be 2/4 + 904/16. Suppose -2*c - u = c. Let m = -10 - c. List the prime factors of m.
3
List the prime factors of (-7)/(((-49)/7)/(-7)) - -3968.
17, 233
Let b(d) be the first derivative of d**3/3 - 37*d - 11. What are the prime factors of b(-9)?
2, 11
Let q(d) = 22*d**3 - d + 1. Let g = -2 + 7. Let n(x) = x**2 - 6*x + 6. Let b be n(g). What are the prime factors of q(b)?
2, 11
Suppose -4*j + 2*c + 8 = 0, 4*c - 1 = -j + 1. Suppose 3 = j*m - 421. What are the prime factors of (-6)/(-4)*m/6?
53
Suppose 4*x + 326 = 2*y, -3*y + 439 = -0*x + 4*x. List the prime factors of 4/10*10/12*y.
3, 17
Let g be ((-12)/(-16))/3*4. Let j be g/(-4) - (-250)/8. Let r = j - 17. List the prime factors of r.
2, 7
Let i(z) = 4*z**2 - 2*z + 1. Let q be i(2). Suppose 0*w - 5*n = -3*w - 38, -4 = -n. Let h = w + q. What are the prime factors of h?
7
Suppose 0 = -4*j - 3*p + 627, -j - 64 + 225 = 5*p. List the prime factors of -2*4/(-16)*j.
2, 3, 13
Let q(b) = b - 3. Let a be q(8). Suppose a*r - 2 - 13 = 0. List the prime factors of r.
3
Let u = -515 + 809. List the prime factors of u.
2, 3, 7
Let f be (-2)/4*(3 - 3). Suppose z - 5*z + 16 = f. Let j(x) = -x**2 + 4*x + 2. What are the prime factors of j(z)?
2
Suppose -2 = -2*u + 2. Suppose -29 + 173 = u*p. What are the prime factors of p?
2, 3
Suppose -4*h - 1451 = -6*q + 3*q, -2*h - 487 = -q. List the prime factors of q.
3, 53
Suppose -30*p + 29*p + 4 = 0. Let x = 8 - p. List the prime factors of x.
2
Suppose 0 = -4*b - 2*v + 1822, b + v - 453 = -2*v. Suppose 10*d - 2*d - b = 0. List the prime factors of d.
3, 19
Suppose 2*z = -5*s + 15, -z + 6*s - 8*s + 6 = 0. Suppose z = r + 4*r - 100. What are the prime factors of r?
2, 5
Suppose -13 = l - 5*t - 317, -5*l = 3*t - 1492. What are the prime factors of l?
13, 23
Let x be 15*2*1/(-2). Let u = 8 - x. List the prime factors of u.
23
Let w = 938 + -113. What are the prime factors of w?
3, 5, 11
Let q be -4*(0 - 2 - -4). Let r = q - -13. Suppose g + 1 = r*o, 0*g + 3*g - 5*o - 27 = 0. What are the prime factors of g?
2, 7
Let u be (16/(-10))/(2/(-5)). What are the prime factors of (2/2)/4*8*u?
2
Let w(h) be the second derivative of 9*h - 1/20*h**5 + 0 + 0*h**2 + 1/2*h**3 + 0*h**4. List the prime factors of w(-4).
2, 13
Let u(t) = -2059*t + 73. What are the prime factors of u(-1)?
2, 13, 41
Suppose -19*z = -15*z - 152. What are the prime factors of z?
2, 19
Let t(p) = 90*p - 14. Let x be t(6). Suppose -2*u + x + 36 = 0. List the prime factors of u.
281
Suppose -k - 3230 + 8611 = 2*p, -5*p - k = -13448. What are the prime factors of p?
2689
Suppose 0 = -2*i - 44 - 244. Let f = i + 241. What are the prime factors of f?
97
Let s(j) = j**2 - 5*j + 2. Let k be s(5). Let v = 5 - k. Suppose v*y + 2*y = 65. What are the prime factors of y?
13
Let o = -40 - -40. Suppose -7*u + 41 + 204 = o. What are the prime factors of u?
5, 7
Suppose -2*c + 2*l - 68 = -0*l, -2*l - 60 = 2*c. Let y = c - -103. List the prime factors of y.
71
Let f(h) = -3*h - 6. Let c be f(-5). Suppose 23 = -4*r - c. What are the prime factors of (-9 - -1)/(4/r)?
2
Suppose -3*s - 3 = -4*s. Suppose -147 = -s*i + 99. List the prime factors of i.
2, 41
Let v(x) = 389*x + 1393. List the prime factors of v(8).
5, 17, 53
Let l = 3 + 43. Suppose 2*w = -j + 418, 154 = w + 5*j - l. List the prime factors of w.
2, 3, 5, 7
Suppose 67*h - 51*h = 21520. What are the prime factors of h?
5, 269
Let w(z) = 2*z**2 + 10*z + 33. List the prime factors of w(-4).
5
Let n(h) = h**3 - 20*h**2 + 25*h - 8. Let s be (16/6 + -3)/(1/(-57)). What are the prime factors of n(s)?
2, 53
Suppose 4*y - 5*m = 3 - 1, 2*y - 2 = 2*m. List the prime factors of 22/33 + 241/y.
3
Let h(n) = n**3 - 8*n**2 - 6*n - 27. Let y be h(8). Let s = y - -134. What are the prime factors of s?
59
Suppose 2953 = 5*z + 853. List the prime factors of z.
2, 3, 5, 7
Let t = 19 + -9. Let s(h) = 0 - 3 - 1 + t*h - 10. List the prime factors of s(7).
2, 7
Suppose -5*j = -4*i - i - 105, 0 = j - 4*i - 6. Let g = j + -13. What are the prime factors of g?
13
Let i = 111 - 108. Suppose 4*f = 0, i*x - 420 - 258 = 4*f. List the prime factors of x.
2, 113
List the prime factors of 3/((-15)/(-1180)) - -3.
239
Suppose -3*v - 17 = -35. Let q(w) be the third derivative of -w**6/120 + 7*w**5/60 - w**4/6 - 3*w**3/2 + 10*w**2. What are the prime factors of q(v)?
3
Let d(s) be the third derivative of -s**5/60 - 19*s**4/24 + s**3/2 + s**2. Let w = -718 - -700. What are the prime factors of d(w)?
3, 7
What are the prime factors of -3620*-1*(-2 - -9)/28?
5, 181
Suppose l + 4 = 8. Suppose -l*m + 3*r = -m - 135, 0 = m + r - 41. What are the prime factors of m?
43
Suppose -9*m + 90 = -4*m. Suppose 0 = -o - i + m, 4*o = -5*i + 2*i + 67. List the prime factors of o.
13
Suppose 180*u - 186*u + 618 = 0. List the prime factors of u.
103
Let w = -432 - -1242. List the prime factors of w.
2, 3, 5
Let p(m) = -m**2 + 10*m + 4. Suppose 5*k - 2*f - 3*f = -60, 4*k = 2*f - 40. Let v be (-100)/k*8/10. What are the prime factors of p(v)?
2
Suppose 4*i = -4*y + 8, -2*y + 6*y = i + 8. Suppose i = -l - 0*u - 2*u, 2*u = -5*l. Let t(o) = -o**3 + o + 20. What are the prime factors of t(l)?
2, 5
Let m be 110 - (0 - 4)/(-2). Suppose -m = -2*f + 4*z, -2*f + 2*z + 31 = -69. Let o = -28 + f. List the prime factors of o.
2, 3
Let b(t) = t**3 - 9*t**2 - 9*t - 6. Let z be b(10). Suppose z*q - 74 = 3*s + 2*s, -5*q = -5*s - 95. What are the prime factors of q?
3, 7
Suppose -5*b - 3*o + 12 = 0, -11 = -b - 3*b - o. Suppose 0 = -4*q - 2*w + 290, 3*q + w - 228 = b*w. Let m = q + -38. List the prime factors of m.
2, 3
Let b(n) = -7*n - 57. Let j be b(-9). Suppose v = 2*p + j - 2, -v = 3*p - 9. What are the prime factors of v?
2, 3
Let g = 82 + -50. Suppose 34*t - g*t = 190. What are the prime factors of t?
5, 19
Let i = -13 + 32. Let o = i + -9. Let r(b) = -b**2 + 10*b + 14. What are the prime factors of r(o)?
2, 7
Suppose 67*c - 4508 = 53*c. What are the prime factors of c?
2, 7, 23
What are the prime factors of (-1)/2 - (-3 + 45793/(-22))?
2, 521
Let h(y) = -y**2 + 22*y + 22. What are the prime factors of h(9)?
139
Let z(q) = q**3 + 30*q**2 - 10*q + 31. What are the prime factors of z(-26)?
5, 599
Let f = 4024 + -2810. List the prime factors of f.
2, 607
Let j = -19 - -44. Let n = -39 + j. Let a = 24 + n. List the prime factors of a.
2, 5
Let s(w) = w - 1. Let m be s(5). Suppose m*o + 380 = 8*o. List the prime factors of o.
5, 19
Let o = -50 - -1657. List the prime factors of o.
1607
Let j be 14/(-35) + (-4)/(-10). Suppose -4*a - 8 = j, h - 3*a - 13 = 35. List the prime factors of h.
2, 3, 7
Let x = 5 + -5. Suppose 8 = 4*t - 4*v, -6 = -x*t - 3*t - v. Suppose 0 = 2*d + 5*r - 22, -2*d + t*r + 40 = -2*r. What are the prime factors of d?
2
Let i = 1391 + -1290. What are the prime factors of i?
101
Let n(p) = -2*p**2 + p + 2. Let x be n(2). Let h be (-2)/x + 648/16. List the prime factors of (2 - 0)/(2/h).
41
Let d = -62 + -7. Let s be (-3)/(-5) - d/(-15). What are the prime factors of (-1)/s*4*18?
2, 3
Let l(v) = -16*v**3 + v**2 + v + 3. Let o(d) = 47*d**3 - 3*d**2 - 2*d - 9. Let u(b) = 11*l(b) + 4*o(b). What are the prime factors of u(2)?
5, 19
Let u(l) = -l**3 - 17*l**2 + 3*l + 7. Let f be u(-17). List the prime factors of 52/f - -1 - (-2402)/22.
109
Suppose 149 = 3*u + 2*d, -4*d + 3*d = 2*u - 99. What are the prime factors of u?
7
Let u(f) = f**2 - 17. Let x be u(0). Let a = 82 + x. List the prime factors of a.
5, 13
Let k(b) = -2*b**2 + 15*b - 27. Let j(v) = v**2 - 7*v + 14. Let f(p) = 5*j(p